+ -10. Is 64 + z + (-2)/(-1) a composite number?
False
Let g = -17 - -17. Suppose x - 340 - 243 = g. Is x composite?
True
Suppose 0 = -4*n - s + 4199, -4*n + 5*n = -5*s + 1064. Is n composite?
False
Let k(g) = 5*g**2 - 6*g - 4. Is k(11) composite?
True
Suppose -162 + 969 = 3*p - 5*w, 2*w = 0. Is p a prime number?
True
Suppose 2*v - 38 = -2*g - 0*v, -92 = -5*g - 2*v. Let h = g + -13. Suppose 0*m = -h*m - 5*z + 245, -5*z = -2*m + 98. Is m composite?
True
Suppose 14*k - 13*k - 479 = 0. Is k a prime number?
True
Let w(q) = 38*q**2 + 8. Is w(5) prime?
False
Let o = 35 + -18. Let q = o + 18. Is q composite?
True
Suppose -3*y + 915 = 2*y. Suppose 2*p = -3*d + 551, 0*p = -d - p + y. Is d a composite number?
True
Suppose -2*t + 72 = t. Suppose 0 = 22*z - t*z + 838. Is z composite?
False
Let k(w) = 9*w**2 + 4*w. Let o be k(-2). Is ((-844)/(-10))/(o/70) composite?
False
Let m(p) = -244*p + 29. Is m(-5) prime?
True
Let f = 636 + -274. Suppose -4*u + f = -82. Is u a prime number?
False
Is (-3)/(771/(-381) - -2) a prime number?
True
Let i(l) = 29*l + 37. Is i(8) a composite number?
False
Suppose 3*v - 88 = -v - 5*a, -4*v = a - 72. Let m = v + -7. Is m a prime number?
False
Let c(g) = -4*g**2 + 11*g**2 + 8*g - 5*g**2 - 13. Let s be c(-10). Suppose -l + s = -34. Is l prime?
False
Is 30/(-105) + 17210/14 prime?
True
Let s be (-202)/(-10) + 2/(-10). Suppose -z = -4*m - 4*z + 25, 3*m + z = s. Is m a prime number?
True
Suppose 3*u + 5 = -5*h, -u - 4*h - 4 = 4*u. Suppose -1515 = -5*j - u*j. Is j composite?
True
Let l = 0 - -4. Suppose 2*y - l*y = -204. Suppose -3*j = -5*t + j + 161, -3*j + y = 3*t. Is t prime?
False
Let d = 123 - 46. Is d a composite number?
True
Let b(f) = 5*f - 4*f + 4*f**2 - 2*f**3 - f - 1. Is b(-3) prime?
True
Let f be (1 - -5) + 0/1. Let k(i) = -1. Let p(t) = 19*t + 8. Let a(n) = f*k(n) + p(n). Is a(3) composite?
False
Suppose -2*t = 4*g + 100, 239 = -4*t + 6*g - g. Let k = 213 + t. Is k a prime number?
True
Let v(h) = -4*h**3 - 2*h + 5*h**3 + h + 2 + 0*h. Let p be v(0). Suppose 10*d - 4*s - 471 = 5*d, 0 = 3*d + p*s - 265. Is d composite?
True
Let r be 242/4 - 2/(-4). Suppose 59 = 5*y - r. Let n = y + -5. Is n a prime number?
True
Is 2/(-6) - (-370)/3 a prime number?
False
Suppose 5*w + 5*o + 19 = 134, 3*o = 5*w - 91. Suppose 5*h = -5*c - w, -3*c + c = -5*h + 43. Let s = 13 - c. Is s a prime number?
False
Suppose 5*c = -5 + 25. Suppose 37 = h - 0*x - c*x, -5*h + 185 = -4*x. Is h composite?
False
Let g(d) = 6*d**2 + 6*d. Let h(n) = -13*n**2 - 13*n + 1. Let b(v) = 5*g(v) + 2*h(v). Suppose 4*t - 10 = 2*w - 7*w, -2*w = 4*t - 16. Is b(w) composite?
True
Suppose x - 3*v - 335 = 0, 4*v - 8 = -0*v. Is x prime?
False
Let m be ((-1)/3)/(1/(-9)). Suppose -m*l = 2*l. Suppose g - 197 = -2*d, -3*d + l*g = -4*g - 279. Is d a prime number?
True
Suppose -k - k = -14. Is k - -2 - (2 + 1) prime?
False
Suppose 0 = r + 3*m - 63, -5*r + 5*m + 281 - 6 = 0. Let c = r + 1. Is c a prime number?
False
Suppose -5*d = -4*f + 15, d - 1 = -f + 5. Suppose -3*z + 45 = 3*k, 32 = f*z + 4*k - 47. Is z a prime number?
True
Let l = -5 + 5. Let m be 57/12 - 6/8. Suppose m*v + 4*a - 468 = l, 5*v + 141 = 2*a + 712. Is v a composite number?
True
Suppose 5*i - 2*r - 2451 = 2*r, 0 = -2*i + 4*r + 990. Is i a composite number?
False
Let b(t) = 5*t**2 - 3. Let a(w) = w**2. Let m(r) = 6*a(r) - b(r). Let o be m(4). Suppose d - o = -8. Is d a composite number?
False
Let r(n) be the first derivative of -5*n**2 + 9*n - 1. Is r(-17) a prime number?
True
Let w = -1 + 10. Let d = w + 1. Is 111/15 + (-4)/d a prime number?
True
Let m(t) = -t**3 + 5*t**2 - 3*t - 4. Let f be m(4). Suppose f = -0*a - a + 653. Is a a prime number?
True
Suppose -8*i = -3*i - 1255. Is i composite?
False
Suppose -5*j - d = 38, 0 = -3*j - 5*d - 5 - 9. Is j/14 - (-31555)/35 prime?
False
Let j be ((0 + 0)/(-2))/2. Suppose -5*l = -l - 2*d - 296, j = 5*d. Let g = l - -15. Is g prime?
True
Suppose -5*x = -2*x - 3*t - 6213, -x - 5*t + 2083 = 0. Is x prime?
False
Let q(r) be the third derivative of r**5/120 + 79*r**4/24 + r**3/3 + 2*r**2. Let l(p) be the first derivative of q(p). Is l(0) a composite number?
False
Suppose 4*d - 11 = 5*b, -4*b - 15 = 6*d - 3*d. Let a = 5 - d. Let m(g) = -g**3 + 8*g**2 - 8*g + 1. Is m(a) a prime number?
False
Suppose 3*q = -x + 1132, -3*x + 1880 = 3*q + 2*q. Is q composite?
False
Let m = -23 + 23. Suppose -3*t + 24 + 81 = m. Is t a prime number?
False
Let j be ((-14)/6)/(2/(-6)). Let u = -10 + j. Is -1 + (u + 2 - -133) composite?
False
Suppose -3*s + 16 = 2*m + 2*m, -m = s - 5. Suppose 2*x - 3*i - 40 = 0, 0 = -s*i + i - 12. Is x a prime number?
False
Is (4/(-4))/3*-633 prime?
True
Let s(v) = 6*v + 1. Suppose -2*x = -4*x + 2, -3*b - 3*x = -12. Is s(b) a composite number?
False
Suppose 440 = 3*y - y. Suppose r + 3*r + 2*j = 208, 4*r - 4*j - y = 0. Is r a composite number?
False
Let g(f) = f**2 - 8*f - 1. Let a be g(6). Let s = a - -7. Let i(t) = -16*t + 1. Is i(s) prime?
True
Let w(z) = z**2 - 5*z + 3. Let j be w(6). Suppose -16 = -5*i + j. Suppose x - 32 = i*b + 42, x + b - 80 = 0. Is x composite?
False
Let b(h) = 56*h**2 - h. Let t(g) = -g**3 - g**2 + 2*g + 1. Let a be -2*2*(-1)/(-2). Let o be t(a). Is b(o) a composite number?
True
Let x = 1735 + -1218. Is x prime?
False
Suppose 2*q + 4*y = -11 + 1, -5*y - 5 = 0. Is 3 + (q - (3 + -162)) a prime number?
False
Let a(s) = s - 1. Let b be a(6). Let d(c) = 0*c - 3*c - b + c. Is d(-7) prime?
False
Suppose -7*a = 60 - 7333. Is a composite?
False
Suppose -5*g + 3 = -7. Suppose -g*y - 3*c = -y - 72, 3*c - 315 = -4*y. Suppose y = 5*q - 14. Is q a composite number?
False
Let y(b) = -2*b - 9. Let d be y(-10). Suppose -3*j = -i - 12, -3*j + 10 + d = 2*i. Suppose 156 - 51 = i*k. Is k prime?
False
Let m = 9 - -1. Is (-186)/15*m/(-4) a composite number?
False
Is (8/(-6) + 2)*(-30735)/(-30) a prime number?
True
Let t(r) = 10*r**2 - 3*r - 3. Let g be t(-10). Suppose 220 = -3*w + g. Is w a composite number?
False
Suppose r = 6*r - 85. Let o = r + -9. Is (68/o)/((-1)/(-6)) composite?
True
Let d = -2811 + 4738. Is d a composite number?
True
Let a = 4 + -1. Suppose -a = -q, 2*n - 7*n + 37 = 4*q. Is 40/16*42/n a prime number?
False
Suppose 1094 = 8*a - 66. Is a composite?
True
Let j = -15 - -20. Suppose 2*t = j + 65. Is t a composite number?
True
Let h(r) = -r**2 + 6*r - 4. Let g be h(4). Let j(y) = -y**3 - 7*y**2 + 6*y - 13. Let s be j(-9). Suppose -4*c + s = 3*l, -g*l = 4*c - c - 136. Is l composite?
False
Let a = 2942 + -1683. Is a a composite number?
False
Suppose -7 = -x - 4. Suppose 0 = -x*a + 164 + 37. Is a a prime number?
True
Let h(d) be the first derivative of 5*d**4/12 + d**3/6 - d**2/2 - 2. Let y(t) be the second derivative of h(t). Is y(9) prime?
False
Let j(w) = -83*w + 2. Is j(-3) a composite number?
False
Let w(o) = o + 11. Let n be w(-7). Suppose -2*b = -3*k + k - 112, -n*k + 46 = b. Let j = b - 23. Is j prime?
True
Suppose 2*c = -y + 935, 2781 = 3*y - c - c. Is y prime?
True
Let h = 14 + -9. Let w = 8 + h. Is w a prime number?
True
Suppose -3*x + 7 + 5 = 0. Suppose 2*n + 191 = 4*n - z, -x*z + 100 = n. Let v = n - 49. Is v composite?
False
Is ((-2)/3)/(8/(-4908)) composite?
False
Let x be ((-2)/(-4))/(5/20). Suppose 0 = -x*m + 8, 4*k = m + 1393 + 247. Is k a prime number?
False
Suppose -6*f + 194 = -2368. Let n = f - 242. Is n prime?
False
Let q = -1 + -1. Let n be 368/(-12)*(-3)/q. Let b = 69 + n. Is b prime?
True
Let b = 102 + 383. Let a = b + -322. Is a composite?
False
Is ((-6)/4)/((-69)/38548) a composite number?
True
Let s(n) = n**3 + n**2 - 2*n - 1. Let x = 6 + -1. Is s(x) a prime number?
True
Let y = 115 - -7. Is y prime?
False
Suppose 5*n - 4*y + 5*y = 18925, 3*n - 2*y - 11368 = 0. Suppose 2*r + 5*b - 1939 = 0, 5*b + n + 137 = 4*r. Is r a prime number?
True
Let h(j) be the third derivative of 13*j**4/24 + 2*j**3/3 + 8*j**2. Is h(3) composite?
False
Let z = -2 + 3. Let u = 1 - z. Is 37 + (0 - -1 - u) composite?
True
Let v = -2 - -12. Is v a prime number?
False
Suppose 7*s - 6*s - 5*j = 552, 5*s + 2*j = 2787. Is s prime?
True
Let v be 12695/35 - (-4)/14. Let k = v - 112. Is k a prime number?
True
Let h(n) = 180*n**2 - 3*n - 6. Is h(-3) a composite number?
True
Let q be ((-2)/3)/(2/(-36)). Let o = q - -13. Is o composite?
True
Suppose 16*x = 13